 73*b - v. Calculate the remainder when b is divided by 35.
32
Suppose -5*d - 10*d - 203 = -1088. Calculate the remainder when 2818 is divided by d.
45
Let b = -17330 - -17494. Let r be 4*(-26)/(-8)*2. Let v = 59 - r. Calculate the remainder when b is divided by v.
32
Let d = -4648 - -5112. What is the remainder when 491 is divided by d?
27
Let o(m) = 4*m + 2 + m**3 - m + m - 2*m. Let s be o(3). Let y = 68 - s. Calculate the remainder when y is divided by 6.
3
Let t(m) = 10*m - 70. Let o be t(7). Suppose -7*w + 20*w - 1703 = o. Let i = 36 + -17. Calculate the remainder when w is divided by i.
17
Let x(h) = 92*h + 5897. Calculate the remainder when 1928 is divided by x(-62).
191
Let w(l) = 3*l + 30. Let p(x) = x. Let g(i) = -6*p(i) - w(i). Suppose -o + 24 = 36. Calculate the remainder when g(o) is divided by 9.
6
Let a = 483 - 747. What is the remainder when ((-3)/(-4))/((-2)/a + 0) is divided by 48?
3
Let j(h) = -5*h**3 + 89*h**2 + 40*h - 50. What is the remainder when j(18) is divided by 67?
11
Suppose 3*y = -4*a + 137 + 319, -3*y + 114 = a. Let w = 143 - a. What is the remainder when 115 is divided by w?
28
Let b = -21647 - -24507. What is the remainder when b is divided by 53?
51
Let p = -8555 - -8611. Suppose 5*u - 4*s - 10 = 0, -2*u - 6 = -5*u - s. Let m(c) = 15*c - 1. Calculate the remainder when p is divided by m(u).
27
Suppose 0 = b - 4*s + 2*s - 10, 2*b + 4*s = -20. Suppose 3*q - 5*q - 4*g - 6 = b, 3*q - 6 = -g. Let d = 19 + q. Calculate the remainder when 85 is divided by d.
19
Let v = 88 - 84. Suppose -5*n + 1390 = 5*j, -3*j + 10 - v = 0. Suppose 4*h - n = -p - 2*p, -2*p - 152 = -2*h. What is the remainder when h is divided by 15?
12
Let s = 4013 - 3483. What is the remainder when s is divided by 4?
2
Suppose 136*o = 1298 - 172 + 778. Let a(h) = 2*h**2 + 11*h. What is the remainder when a(-8) is divided by o?
12
Suppose 32*w = -330 + 938. Suppose y - 32 + 20 = 0. What is the remainder when 706*3/24 + (-3)/y is divided by w?
12
Let d be (-302)/(1/(4*(-5)/(-40))). Let o = 256 + d. What is the remainder when o is divided by 24?
9
Let u = -231 - -236. Let s = -53 + 66. Calculate the remainder when s is divided by u.
3
Let i = -41970 + 42013. Calculate the remainder when 40720 is divided by i.
42
Let q = 386 - 145. What is the remainder when q is divided by (9/(-3))/(54/(-396))?
21
Let t = -10884 - -10939. Calculate the remainder when 161 is divided by t.
51
Suppose -3*c + 3 = 3*p, -2*c + c + p = -9. Suppose -28*k + 12 + 505 = -939. What is the remainder when k is divided by c?
2
Let g(k) = -17*k**2 + 11*k - 31. Let p(t) = -t**2 - 1. Let s(i) = -g(i) + 4*p(i). What is the remainder when s(4) is divided by 49?
44
Suppose -b - 4 = 0, -74 = r - 5*b - 234. Calculate the remainder when r is divided by 43.
11
Suppose -p + 29 = -11. Suppose -98*g + 205*g - 56*g = 20247. What is the remainder when g is divided by p?
37
Let a = 68 + -56. Calculate the remainder when (-77 - -75)/(-1 + 8/9) is divided by a.
6
Suppose 7*y + 1271 = 5*l + 9*y, 243 = l + 2*y. What is the remainder when 790 is divided by l?
19
Let v = 396 + -391. Suppose -2*t + v*x = 4*t - 1534, t = 5*x + 239. Calculate the remainder when t is divided by 11.
6
Let c(w) = 28*w - 290. Let g be c(17). Suppose 3*z + 2*s - 4*s = g, 4*s = -3*z + 186. Calculate the remainder when z is divided by 9.
8
Let y = 133 - 128. Suppose 4 = -4*h - 4, -4*h + 897 = y*r. Calculate the remainder when r is divided by 37.
33
Let w(a) = 9*a - 11. Let s = -104 + 107. Let y be w(s). Suppose -y*o = -18*o + 52. What is the remainder when 77 is divided by o?
25
Suppose -6435 = 7*t + 4*t. Let m = 590 + t. What is the remainder when 41 is divided by m?
1
Suppose 0 = -3*p + 13 - 4. Suppose 3 + 137 = 20*k. Suppose p*b = k*b - 32. What is the remainder when 79 is divided by b?
7
What is the remainder when 440 is divided by (-117)/(-6)*156/117?
24
Let q(i) = -2*i**2 + 58*i - 45. Let x(j) = j**2 + 5*j. Let s be x(3). What is the remainder when q(s) is divided by 22?
19
Suppose 4*a = -10*a + 112. Suppose -1442 = -a*v + v. What is the remainder when v is divided by 70?
66
Let j(s) = -6*s + 352. Let c be j(19). Let r = c + -210. Calculate the remainder when 126 is divided by r.
14
Let i(g) = g**2 + 210*g - 2186. What is the remainder when 2533 is divided by i(10)?
13
Let w = -241 - -296. Let d(i) = i + 8. Let l be d(-3). Suppose -l*v = 4*f - 86, -v - 2*v + 54 = 3*f. What is the remainder when w is divided by v?
13
What is the remainder when 7 - (3 - 4 - 0)*(3 + 17) is divided by 23?
4
Let i(m) = -m - 4. Let x = -5025 - -5029. What is the remainder when x is divided by i(-8)?
0
Let x(j) = -j**3 + 31*j**2 + 46*j - 433. Calculate the remainder when x(32) is divided by ((-3)/2)/(18/(-48)).
3
Let a be 64 - 2*9/(-6). Let d(u) = u**2 - 3*u + 431. Let h be d(0). Suppose -h = -13*r - a. Calculate the remainder when 83 is divided by r.
27
Let q = 8954 - 8904. Calculate the remainder when 1516 is divided by q.
16
Suppose -c + 12 - 14 = 0. Let w be 957/24 - c/16. Suppose -37*f + w*f = 39. What is the remainder when 49 is divided by f?
10
Suppose 0 = t + 4*r - 24, -t - 3*t + 1 = -3*r. Suppose c + 153 = 4*c. Calculate the remainder when c is divided by (3/(-6))/(t/(-72)).
6
Let u(d) = d**3 - 22*d**2 + 21*d - 5. Let t be u(21). Calculate the remainder when 167 is divided by ((-1976)/(-48) - (-3)/(-18)) + t.
23
Let t = -1 - -3. Let d(q) = 5*q**2 + 2820*q - 8447. What is the remainder when d(3) is divided by (-6)/(-9)*t*9?
10
Suppose -3*u = -15, 5*d - 13 + 3 = 5*u. Suppose -x - 5 = -q + 2*q, 3*q + x + 25 = 0. What is the remainder when 47 is divided by q/(-35) + 82/d?
11
Let j = 11 + -10. Suppose -55*f + 30*f = -25. Calculate the remainder when j is divided by f.
0
Let u(g) = -11*g**2 - 12*g + 3. Let r(f) = 9*f**2 + 11*f - 4. Let y(t) = -5*r(t) - 4*u(t). What is the remainder when 5/1*(-11 + 14) is divided by y(0)?
7
Let p(z) = -5*z + 23*z - 14*z - 8*z + 178. What is the remainder when p(0) is divided by 18?
16
Let f(t) = 17*t + 124. Let c be f(-7). Suppose 0 = -2*u + 7*u - k - 358, c*u - 352 = 4*k. What is the remainder when 142 is divided by u?
70
Let u(j) = -j**3 + 6*j**2 + 2*j - 15. Let b be u(6). Suppose 5*s - 44 = s. What is the remainder when s is divided by b/(-6) - 105/(-14)?
3
Let x = 508 - 528. What is the remainder when 34 is divided by (-7 - -1 - x)*1?
6
Let u be 0/(-2) + (7 + -6)*1086. Let k = -1080 + u. Suppose -2*w + 4*j + 29 = -w, 0 = -5*w - 5*j + 70. Calculate the remainder when w is divided by k.
5
Suppose a - 133 = -17*j + 334, a + 3*j - 187 = 0. Let r(h) = 19*h - 6. What is the remainder when a is divided by r(4)?
57
Let n = 600 - 544. Suppose -2*k - 2*k + 80 = -3*l, 0 = k - 5*l - 20. What is the remainder when n is divided by k?
16
Calculate the remainder when 1328 is divided by ((315/12)/(-5))/(7/((-224)/12)).
12
Suppose 12*g - 17*g = 4*k - 1470, 5*g - 1470 = -2*k. Let l = 359 - g. Calculate the remainder when l is divided by 22.
21
Let p(i) = 43*i**2 - 1524*i + 33. What is the remainder when p(38) is divided by 98?
97
Let x(y) = y + 16. Let p be x(-4). Let w = -4 + p. Suppose h = 3*n - w*n + 43, 55 = 5*n + 5*h. Calculate the remainder when 36 is divided by n.
4
Suppose 307 + 969 = 58*k. What is the remainder when 872 is divided by k?
14
Let j = -12 + 395. Let c = j - 361. Let t = 27 + 16. What is the remainder when t is divided by c?
21
Suppose x + x - 116 = 0. Suppose -w = -0*w - x. Suppose -a + 9 = g - 1, g - 4*a - 10 = 0. What is the remainder when w is divided by g?
8
Suppose 0*n - 2*n - 70 = -2*g, 0 = -2*n. Calculate the remainder when ((-215)/645)/(4/(-1236)) is divided by g.
33
Let z = -119 - -350. Suppose -217 = -3*s + 5*w, s - 3187 = 2*w - 3112. What is the remainder when z is divided by s?
54
Let f = -7647 - -7674. What is the remainder when (-430)/(-1)*(-1)/(-2) is divided by f?
26
What is the remainder when 249 is divided by (7 - 98/63 - 5) + (-41)/(-9)?
4
Let q = -37 - -37. Suppose -3*s + 9 = -q*a - 3*a, 0 = 3*a + 3. Suppose 5*g - 5*l - 10 = 0, -5*g = -s*l - 0*l - 19. What is the remainder when g is divided by 5?
0
Let c = 22272 + -20505. Calculate the remainder when c is divided by 137.
123
Calculate the remainder when 867 is divided by (-15)/(-6)*168/(-140) - -170.
32
Suppose 9 = -4*r - 27. Let x b